pose -5*b - 4*n + 1451 + 2806 = 0, 0 = 5*b + n - 4248. What is the units digit of b?
9
Let z(f) = 2*f**2 - 6*f - 10. Let x be z(-3). What is the tens digit of (59/(-2))/((-13)/x)?
5
Let t be (-5)/(-15) + (-1)/3. Let v(n) = n - 6. Let l be v(t). Let m(u) = u**2 + 4*u + 11. What is the tens digit of m(l)?
2
Suppose 0 = 3*q + 55 + 83. Let z = -102 - q. What is the tens digit of 6/(-3) + z/(-4)?
1
Suppose 0 = -2*x + 6, -s = -x + 1 - 0. What is the units digit of (-3 - -355)/4 - s?
6
Suppose -46*b + 47*b - 4*m = 4135, 0 = -5*b - m + 20591. What is the units digit of b?
9
Let p = 90 - -648. What is the tens digit of p?
3
Let o = -556 + 891. What is the units digit of o?
5
Let p(k) = 886*k**3 + k**2 - 3*k + 1. What is the tens digit of p(1)?
8
Let q = 176 - 24. Suppose -q = -32*p + 28*p. What is the units digit of p?
8
Suppose -21*u = -96*u + 150150. What is the units digit of u?
2
Suppose -n + 2*b = -2*b - 10, -3*b + 42 = 2*n. Suppose -k - 1 = -4. Suppose k*j - 5*j = -n. What is the units digit of j?
9
Let k = 471 - -189. What is the tens digit of k?
6
Let y = -5643 - -8800. What is the units digit of y?
7
Let p(r) = -40*r - 13. What is the hundreds digit of p(-13)?
5
Suppose -2*x - 2*w = 182, -5*w + 435 = -4*x - x. Let r = x + 158. What is the units digit of r?
9
Let w = -10 - -10. Suppose 2*n - 4*n = w. Suppose -5*a - 3*y + 54 = n, 5*a + 9 = 2*y + 73. What is the units digit of a?
2
Suppose 16 = 8*j - 56. What is the units digit of 411/27 - 2/j?
5
Let c(u) = u**3 - 12*u**2 - 31*u + 29. Let i be c(14). What is the tens digit of (46/4 + 0)/(i/(-52))?
4
Let s be ((-3 - 5) + 9)*(-8 - -4). Let a(p) be the first derivative of -2*p**2 + 7*p - 1. What is the tens digit of a(s)?
2
Let c(r) = 35*r - 25. Let p be c(-6). Let y = -137 - p. What is the units digit of y?
8
Suppose 5*p - 90 = 5*w, 2*p + w + 2*w - 21 = 0. Let n = -7 + p. Suppose 2*c - n = -2. What is the units digit of c?
3
Suppose -h - 5*x = -5*h + 1771, 4*h - 2*x = 1762. What is the hundreds digit of h?
4
Let c(g) = 29*g - 48 + 64 - 61. What is the hundreds digit of c(13)?
3
Suppose 3*b + 2*b = 7130. What is the units digit of b?
6
Suppose 5*n + 4*q = -2, 0*q + 2*q = 5*n + 14. Let o(k) = -52*k - 6. What is the units digit of o(n)?
8
Suppose 715 = 3*o - 5*j, 3*o + 3*j = 108 + 615. Suppose 136 + o = 8*u. What is the tens digit of u?
4
Let o be 1*5 - 42/14. Suppose 10 = 2*x, -o*s - 4*x + 273 = x. What is the tens digit of s?
2
Let u = -2273 - -4061. What is the thousands digit of u?
1
Let g(b) = b**2 + 5*b. Suppose -2*j + 4*j = -12. Let c be g(j). Suppose -c*h + 84 = -3*h. What is the tens digit of h?
2
Suppose 0*c + 13*c = 11739. Suppose -c = 3*i - 10*i. What is the tens digit of i?
2
Let a(f) = 447*f + 655. What is the hundreds digit of a(6)?
3
Suppose -67*w + 37*w = -67890. What is the hundreds digit of w?
2
Let b(x) = 18*x + 27. Let l be (-73)/(-5) - (-18)/45. What is the hundreds digit of b(l)?
2
What is the thousands digit of -8238*11/(-90) + (-2)/(-15)?
1
Let t(p) = -p**2 + 10*p - 8. Let v be t(9). Let g(a) = v - a**2 + 0*a**2 - 16 + 12*a + 1. What is the units digit of g(10)?
6
Let v = 2141 - 1217. What is the units digit of v?
4
Suppose -457 + 2241 = 4*x. What is the units digit of x?
6
Let l(y) = -525*y - 132. What is the hundreds digit of l(-4)?
9
Suppose -2*r + 3*r - 5*p - 67 = 0, 0 = 2*r + p - 178. Let m = r - 35. What is the tens digit of m?
5
Let w(d) = 128*d + 451. What is the hundreds digit of w(23)?
3
Let v(t) = 5*t - 20. Let g be v(4). Suppose 6*i - 648 = -g*i. What is the units digit of i?
8
Let n = 291 - 284. Let z = 19 + -13. Let s = z + n. What is the units digit of s?
3
Suppose c + 2*a - 2 = 0, 2*a + 4 = -0*c - 4*c. Let w = 8 - c. What is the tens digit of w?
1
Suppose -146*r = -151*r + 2375. What is the hundreds digit of r?
4
Let x(z) = z. Let d(r) = 10*r + 13. Let w(k) = -d(k) - x(k). What is the tens digit of w(-4)?
3
Suppose i = -8*i + 864. Let t = 17 + -17. Suppose 0 = -4*g + 3*b - 6*b + i, t = 3*b. What is the units digit of g?
4
What is the units digit of 753 + -6 + (-30)/(-5)?
3
Let p = 1762 + -1246. What is the tens digit of p?
1
Let s = 27 + 0. Let y = s - 22. What is the units digit of y?
5
Let k = 18 - 18. Suppose -2*w + 3*w - 52 = k. What is the tens digit of w?
5
Let q(x) = -x**3 + 5*x**2 - 3*x + 17. Let u(c) = -2*c**3 + 11*c**2 - 6*c + 33. Let i(r) = 7*q(r) - 4*u(r). What is the hundreds digit of i(10)?
1
Suppose d - 273 = 4*g, -g + 4*g - 546 = -2*d. Suppose l - 5*h - 15 = -3*l, -20 = -5*l + 5*h. Suppose -d = -l*w + 7. What is the units digit of w?
6
Let g(d) be the third derivative of 0*d + 1/15*d**5 + 0 + 0*d**3 + d**2 - 1/8*d**4. What is the tens digit of g(2)?
1
Let g be ((-3)/(-6))/(4/280). Suppose 0 = 4*o - g + 3. What is the units digit of (o/6)/(-4)*-75?
5
Let g = 71 + -71. Suppose 0*t - 9*t + 1026 = g. What is the tens digit of t?
1
What is the units digit of (-7 - 0) + (29 - -643)?
5
Let d(i) = -i + 11. Let u be d(8). Suppose 229 = u*l - 101. What is the units digit of l?
0
Suppose 5*z + 4 = 6*z. Suppose 63 = z*b - 145. What is the units digit of b?
2
Suppose 17*q - 11*q = 6498. What is the hundreds digit of q?
0
Suppose 3*n = 4 + 59. Let z = n + -6. What is the units digit of 3/15 + 117/z?
8
Let l(m) be the first derivative of -m**2 + 13. Let b be l(-5). Suppose h - 5*n - 27 = 0, 0 = -4*h - 3*n - b + 3. What is the units digit of h?
2
What is the units digit of ((-8)/(-12) - -2)/(8/924)?
8
Suppose -4*j + 20742 = -3*j. Suppose j = -4*a - 14126. What is the tens digit of a/(-138) + (-1)/6?
6
Let w(r) = r + 2. Let u be w(0). Suppose -4*f - f = 5*c - 45, -u*c = f - 19. What is the units digit of c?
0
Suppose -1774 = -12*k + 3578. Let z = -235 + k. What is the units digit of z?
1
Let o be (-10)/3*42/(-35). Let w be 2/(-9) + o/18. Suppose 0 = -m + 3 - w. What is the units digit of m?
3
Let s(r) = -1254*r - 3 + 1214*r - 3. What is the units digit of s(-7)?
4
Suppose 3*j + 5*j = 16. Suppose -4*z + 3*v + 29 = 0, 0 = -2*z - v - 3*v - j. What is the units digit of z?
5
What is the tens digit of 526 + 2*(4 - 2)?
3
Suppose 66 - 18 = -8*s. Let w(k) = k**2 - k - 1. Let t(l) = -l**3 - 8*l**2 + 11*l + 7. Let i(d) = -t(d) - 3*w(d). What is the units digit of i(s)?
8
Let m = 3340 + -1716. Suppose 9*q - 16*q = -m. What is the hundreds digit of q?
2
Let c be 7 + (-2)/(-4)*-6. Suppose -c*d = -9*d + 290. What is the units digit of d?
8
Let r be (-12)/(-16) - 62/8. Let t = r - -217. What is the units digit of t?
0
Let i = 16 + 3. What is the tens digit of 137/4 + i/(-76)?
3
Let n be (138/(-12))/((-3)/(-18)). Let v = n - -99. What is the tens digit of v?
3
Suppose -8*n - 737 = 583. Let i = 315 + n. What is the hundreds digit of i?
1
Suppose 5*k - 6 = -2*s + 26, -k - 32 = -2*s. Let w = s - 18. Let l = 15 - w. What is the tens digit of l?
1
Let v be -3*59*(-3)/9. Suppose 6*w - v - 241 = 0. What is the units digit of w?
0
What is the units digit of (-8 - (-209)/22)*66?
9
Suppose 3*c - 54 = 3*w + 2*c, -2*w = c + 36. Let a = 1 - w. Suppose 0 = 4*u - 5*r - a, 3*r + 1 = 4*r. What is the units digit of u?
6
Suppose 4 = l + 2*f - 8, -3*l + 4*f = 4. Suppose 2*n = -4*k - 0*k + l, -2*k = -2. Suppose n = -8*g + 7*g + 12. What is the units digit of g?
2
Let u(c) = -2*c - 11. Let m be u(-7). What is the tens digit of (m/(-6))/((-4)/528)?
6
Let i(k) = -90*k + 1. Let j be i(-3). Let y = j + -153. What is the tens digit of y?
1
Suppose 0 = -5*o + 4*g + 41, 0 = -4*o - g + 2*g + 24. Suppose 186 - 16 = o*u. What is the tens digit of u?
3
Let m be -24 + (-1 - 4/(-8))*6. Let f = m + 93. What is the units digit of f?
6
Let i = -76 - -182. Let s = i + -20. What is the tens digit of s?
8
Let z(o) = 8*o - 50. Let s be z(11). Suppose 124 = 42*i - s*i. What is the tens digit of i?
3
Let b(g) = g**3 + 20*g**2 + 14*g - 19. Let x = 16 - 35. What is the units digit of b(x)?
6
Suppose 19*r = -12217 + 64239. What is the hundreds digit of r?
7
Let m = -610 - -1074. What is the units digit of m?
4
Let d = 9161 + -4366. What is the hundreds digit of d?
7
Suppose -5*d - 93024 = -81*d. What is the thousands digit of d?
1
Suppose 4*n - q = 0, n + 0*q = -4*q. Let b be ((-4)/(-10))/(3/(-45)). Let y = n - b. What is the units digit of y?
6
Let i(g) = -g**2 + g + 1. Let p(s) = 15*s**2 - 18*s + 19. Let m(t) = 6*i(